 13?
13
Calculate the greatest common divisor of 9108 and 72.
36
Calculate the greatest common factor of 5289 and 369.
123
Calculate the highest common factor of 92 and 25277.
23
Calculate the greatest common divisor of 136 and 4148.
68
What is the greatest common divisor of 6 and 66?
6
What is the greatest common factor of 30 and 591?
3
What is the greatest common factor of 13 and 169?
13
Calculate the highest common factor of 930 and 630.
30
Calculate the greatest common factor of 3520 and 1045.
55
What is the greatest common factor of 4 and 68?
4
What is the greatest common divisor of 2241 and 581?
83
What is the highest common divisor of 1443 and 39?
39
What is the greatest common divisor of 6 and 327?
3
Calculate the highest common divisor of 10603 and 345.
23
What is the greatest common divisor of 17 and 1717?
17
What is the greatest common factor of 78 and 276?
6
What is the greatest common divisor of 2899 and 13?
13
What is the highest common factor of 5902 and 13?
13
What is the highest common divisor of 168 and 37800?
168
Calculate the greatest common factor of 561 and 153.
51
Calculate the greatest common factor of 21 and 66.
3
What is the greatest common factor of 85 and 10?
5
What is the greatest common factor of 130 and 91?
13
What is the highest common divisor of 51 and 85?
17
Calculate the highest common divisor of 10500 and 280.
140
What is the highest common factor of 242 and 341?
11
Calculate the highest common divisor of 483 and 84.
21
What is the highest common divisor of 60 and 45?
15
What is the greatest common factor of 105 and 20?
5
Calculate the highest common divisor of 14 and 1680.
14
What is the greatest common factor of 8281 and 169?
169
Calculate the greatest common factor of 504 and 3402.
126
Calculate the greatest common divisor of 85 and 35.
5
Calculate the greatest common divisor of 288 and 480.
96
Calculate the highest common divisor of 1394 and 738.
82
What is the highest common factor of 74 and 3626?
74
What is the highest common divisor of 119 and 136?
17
What is the greatest common divisor of 1312 and 1148?
164
Calculate the greatest common factor of 544 and 592.
16
Calculate the greatest common divisor of 6 and 2.
2
What is the highest common factor of 22 and 22?
22
Calculate the highest common divisor of 30 and 104880.
30
What is the highest common divisor of 1739 and 111?
37
What is the greatest common divisor of 101 and 43?
1
Calculate the highest common divisor of 70 and 190.
10
What is the highest common divisor of 4225 and 25?
25
What is the greatest common divisor of 390 and 30?
30
What is the highest common divisor of 1064 and 19?
19
Calculate the greatest common factor of 912 and 31312.
304
What is the greatest common divisor of 408 and 3468?
204
What is the greatest common factor of 14 and 36?
2
What is the greatest common divisor of 171 and 99?
9
What is the highest common factor of 6 and 6078?
6
What is the greatest common factor of 1682 and 232?
58
What is the highest common divisor of 14 and 42?
14
Calculate the highest common factor of 66 and 30426.
66
Calculate the greatest common factor of 1900 and 80.
20
What is the greatest common factor of 600 and 192?
24
What is the greatest common divisor of 30919 and 49?
49
Calculate the highest common divisor of 44 and 196.
4
Calculate the highest common factor of 176 and 11.
11
Calculate the highest common factor of 46 and 11822.
46
What is the highest common divisor of 7 and 56?
7
What is the highest common divisor of 392 and 686?
98
What is the greatest common factor of 1768 and 102?
34
What is the highest common divisor of 164 and 533?
41
Calculate the greatest common divisor of 799 and 94.
47
What is the highest common divisor of 121 and 3817?
11
Calculate the greatest common divisor of 1692 and 171.
9
Calculate the highest common factor of 136 and 697.
17
What is the greatest common divisor of 62 and 8494?
62
Calculate the highest common divisor of 430 and 43.
43
Calculate the greatest common factor of 48 and 636.
12
Calculate the greatest common factor of 495 and 110.
55
What is the highest common factor of 11581 and 185?
37
Calculate the greatest common factor of 637 and 65.
13
Calculate the highest common factor of 1092 and 105.
21
What is the highest common factor of 13659 and 1413?
471
What is the highest common factor of 33 and 111?
3
Calculate the greatest common divisor of 75 and 27.
3
What is the greatest common factor of 196 and 21?
7
Calculate the highest common divisor of 72 and 60.
12
Calculate the highest common divisor of 525 and 735.
105
What is the highest common factor of 708 and 2891?
59
What is the greatest common factor of 31 and 527?
31
What is the highest common divisor of 1716 and 22?
22
Calculate the greatest common divisor of 65 and 143.
13
What is the highest common factor of 5138 and 14?
14
Calculate the greatest common factor of 2806 and 184.
46
What is the greatest common factor of 2176 and 34?
34
What is the highest common factor of 418 and 176?
22
What is the highest common divisor of 1443 and 185?
37
Calculate the greatest common divisor of 3014 and 44.
22
Calculate the greatest common divisor of 75 and 2085.
15
Calculate the greatest common factor of 3328 and 32.
32
Calculate the highest common divisor of 47535 and 15.
15
What is the highest common factor of 8 and 1112?
8
What is the greatest common divisor of 72391 and 11?
11
Calculate the highest common divisor of 4 and 38.
2
What is the greatest common factor of 202 and 5959?
101
What is the greatest common factor of 600 and 5550?
150
What is the highest common factor of 77 and 33?
11
What is the highest common factor of 48 and 628?
4
Calculate the highest common factor of 70 and 2506.
14
Calculate the highest common factor of 170 and 40.
10
What is the greatest common divisor of 32 and 4912?
16
What is the greatest common factor of 2286 and 2032?
254
What is the greatest common factor of 80 and 496?
16
What is the highest common factor of 12 and 155004?
12
Calculate the highest common divisor of 340 and 7340.
20
What is the greatest common divisor of 490 and 30?
10
Calculate the highest common factor of 980 and 100.
20
Calculate the greatest common divisor of 147 and 196.
49
What is the highest common divisor of 11 and 2090?
11
What is the highest common divisor of 4060 and 29?
29
Calculate the greatest common divisor of 1521 and 18.
9
Calculate the greatest common divisor of 17856 and 6.
6
What is the greatest common divisor of 76 and 4826?
38
What is the highest common divisor of 39 and 78?
39
Calculate the greatest common factor of 578 and 1224.
34
What is the greatest common factor of 56 and 808?
8
What is the greatest common factor of 51 and 136?
17
What is the highest common factor of 486 and 36?
18
Calculate the greatest common factor of 34226 and 654.
218
Calculate the highest common divisor of 1581 and 357.
51
What is the highest common factor of 1363 and 141?
47
What is the greatest common factor of 34 and 255?
17
Calculate the greatest common factor of 10101 and 39.
39
What is the highest common divisor of 18 and 729?
9
Calculate the greatest common divisor of 402 and 12.
6
Calculate the highest common factor of 120 and 165.
15
What is the greatest common divisor of 646 and 255?
17
What is the greatest common factor of 759 and 138?
69
Calculate the greatest common divisor of 67 and 1675.
67
Calculate the highest common divisor of 6545 and 10.
5
Calculate the highest common divisor of 122 and 3111.
61
What is the greatest common divisor of 4354 and 14?
14
What is the highest common divisor of 65 and 26?
13
Calculate the greatest common divisor of 12860 and 80.
20
What is the highest common divisor of 55 and 44?
11
Calculate the greatest common factor of 247 and 38.
19
What is the greatest common factor of 4544 and 1633?
71
What is the greatest common divisor of 930 and 1302?
186
What is the highest common factor of 12660 and 36?
12
Calculate the greatest common factor of 407 and 77.
11
What is the highest common divisor of 22 and 1485?
11
What is the highest common factor of 14803 and 131?
131
Calculate the greatest common divisor of 17 and 136.
17
What is the greatest common divisor of 53 and 2?
1
What is the greatest common factor of 20